{"id":17783,"date":"2025-02-10T19:02:58","date_gmt":"2025-02-10T19:02:58","guid":{"rendered":"https:\/\/cifemein-peru.com\/?post_type=product&#038;p=17783"},"modified":"2025-02-10T19:02:59","modified_gmt":"2025-02-10T19:02:59","slug":"chuck-2-13mm-weldon-3keego","status":"publish","type":"product","link":"https:\/\/cifemein-peru.com\/index.php\/producto\/chuck-2-13mm-weldon-3keego\/","title":{"rendered":"CHUCK PORTA BROCA 2-13MM WELDON 3KEEGO"},"content":{"rendered":"<ul>\n<li>Chuck porta broca para adaptarse a cualquier m\u00e1quina de perforaci\u00f3n mag\u00e9tica con vastago tipo Weldon.<\/li>\n<li>Medida: 2-13mm<\/li>\n<li>Tipo de v\u00e1stago: Weldon<\/li>\n<li>Marca: 3Keego<\/li>\n<li>Producto con garant\u00eda<\/li>\n<\/ul>\n","protected":false},"excerpt":{"rendered":"<ul>\n<li>Chuck porta broca para adaptarse a cualquier m\u00e1quina de perforaci\u00f3n mag\u00e9tica con vastago tipo Weldon.<\/li>\n<li>Medida: 2-13mm<\/li>\n<li>Tipo de v\u00e1stago: Weldon<\/li>\n<li>Marca: 3Keego<\/li>\n<li>Producto con garant\u00eda<\/li>\n<\/ul>\n","protected":false},"featured_media":17784,"comment_status":"open","ping_status":"closed","template":"","meta":[],"product_brand":[],"product_cat":[73],"product_tag":[],"class_list":{"0":"post-17783","1":"product","2":"type-product","3":"status-publish","4":"has-post-thumbnail","6":"product_cat-herramientas-industriales","8":"first","9":"instock","10":"shipping-taxable","11":"purchasable","12":"product-type-simple"},"jetpack_sharing_enabled":true,"_links":{"self":[{"href":"https:\/\/cifemein-peru.com\/index.php\/wp-json\/wp\/v2\/product\/17783","targetHints":{"allow":["GET"]}}],"collection":[{"href":"https:\/\/cifemein-peru.com\/index.php\/wp-json\/wp\/v2\/product"}],"about":[{"href":"https:\/\/cifemein-peru.com\/index.php\/wp-json\/wp\/v2\/types\/product"}],"replies":[{"embeddable":true,"href":"https:\/\/cifemein-peru.com\/index.php\/wp-json\/wp\/v2\/comments?post=17783"}],"version-history":[{"count":2,"href":"https:\/\/cifemein-peru.com\/index.php\/wp-json\/wp\/v2\/product\/17783\/revisions"}],"predecessor-version":[{"id":17787,"href":"https:\/\/cifemein-peru.com\/index.php\/wp-json\/wp\/v2\/product\/17783\/revisions\/17787"}],"wp:featuredmedia":[{"embeddable":true,"href":"https:\/\/cifemein-peru.com\/index.php\/wp-json\/wp\/v2\/media\/17784"}],"wp:attachment":[{"href":"https:\/\/cifemein-peru.com\/index.php\/wp-json\/wp\/v2\/media?parent=17783"}],"wp:term":[{"taxonomy":"product_brand","embeddable":true,"href":"https:\/\/cifemein-peru.com\/index.php\/wp-json\/wp\/v2\/product_brand?post=17783"},{"taxonomy":"product_cat","embeddable":true,"href":"https:\/\/cifemein-peru.com\/index.php\/wp-json\/wp\/v2\/product_cat?post=17783"},{"taxonomy":"product_tag","embeddable":true,"href":"https:\/\/cifemein-peru.com\/index.php\/wp-json\/wp\/v2\/product_tag?post=17783"}],"curies":[{"name":"wp","href":"https:\/\/api.w.org\/{rel}","templated":true}]}}